{"id":184,"date":"2016-08-14T14:22:12","date_gmt":"2016-08-14T14:22:12","guid":{"rendered":"https:\/\/ninetheme.com\/company\/?page_id=184"},"modified":"2024-03-08T09:05:10","modified_gmt":"2024-03-08T09:05:10","slug":"contact","status":"publish","type":"page","link":"https:\/\/www.prasniewska.com\/?page_id=184","title":{"rendered":"Contact"},"content":{"rendered":"<div class=\"wpb-content-wrapper\"><p>[vc_row css=&#8221;.vc_custom_1486551779993{margin-top: 90px !important;margin-bottom: 90px !important;}&#8221;][vc_column width=&#8221;3\/4&#8243;][vc_gmaps link=&#8221;#E-8_JTNDaWZyYW1lJTIwc3JjJTNEJTIyaHR0cHMlM0ElMkYlMkZ3d3cuZ29vZ2xlLmNvbSUyRm1hcHMlMkZlbWJlZCUzRnBiJTNEJTIxMW0xOCUyMTFtMTIlMjExbTMlMjExZDI0NTIuNTAyMjA1MzQwMzg4NiUyMTJkMjEuMTA5NDU2Njc2NjI0MDUlMjEzZDUyLjA3MDU4NzE3MTk0Njg3JTIxMm0zJTIxMWYwJTIxMmYwJTIxM2YwJTIxM20yJTIxMWkxMDI0JTIxMmk3NjglMjE0ZjEzLjElMjEzbTMlMjExbTIlMjExczB4NDcxOTJlYjExZTAyZWFmZCUyNTNBMHgzNzk3MjE3YzRiNWJhZTkwJTIxMnNLYXN6dGFub3dhJTI1MjAxNSUyNTJDJTI1MjAwNS01MTAlMjUyMEtvbnN0YW5jaW4tSmV6aW9ybmElMjE1ZTAlMjEzbTIlMjExc3BsJTIxMnNwbCUyMTR2MTcwOTg4ODMwODU5NyUyMTVtMiUyMTFzcGwlMjEyc3BsJTIyJTIwd2lkdGglM0QlMjI2MDAlMjIlMjBoZWlnaHQlM0QlMjI0NTAlMjIlMjBzdHlsZSUzRCUyMmJvcmRlciUzQTAlM0IlMjIlMjBhbGxvd2Z1bGxzY3JlZW4lM0QlMjIlMjIlMjBsb2FkaW5nJTNEJTIybGF6eSUyMiUyMHJlZmVycmVycG9saWN5JTNEJTIybm8tcmVmZXJyZXItd2hlbi1kb3duZ3JhZGUlMjIlM0UlM0MlMkZpZnJhbWUlM0U=&#8221; size=&#8221;390&#8243; css=&#8221;.vc_custom_1709888352511{margin-bottom: 60px !important;}&#8221;][vc_row_inner][vc_column_inner width=&#8221;2\/3&#8243;][vc_custom_heading text=&#8221;<i class=``fa fa-commenting text-color-5`` style=``margin-right:5px;``><\/i> Wy\u015blij nam wiadomo\u015b\u0107&#8221; font_container=&#8221;tag:h4|text_align:left|line_height:15px&#8221; use_theme_fonts=&#8221;yes&#8221; css=&#8221;.vc_custom_1709888523886{margin-bottom: 24px !important;}&#8221;]\n<div class=\"wpcf7 no-js\" id=\"wpcf7-f187-o1\" lang=\"en\" dir=\"ltr\">\n<div class=\"screen-reader-response\"><p role=\"status\" aria-live=\"polite\" aria-atomic=\"true\"><\/p> <ul><\/ul><\/div>\n<form action=\"\/index.php?rest_route=%2Fwp%2Fv2%2Fpages%2F184#wpcf7-f187-o1\" method=\"post\" class=\"wpcf7-form init\" aria-label=\"Formularz kontaktowy\" novalidate=\"novalidate\" data-status=\"init\">\n<div style=\"display: none;\">\n<input type=\"hidden\" name=\"_wpcf7\" value=\"187\" \/>\n<input type=\"hidden\" name=\"_wpcf7_version\" value=\"5.8.6\" \/>\n<input type=\"hidden\" name=\"_wpcf7_locale\" value=\"en\" \/>\n<input type=\"hidden\" name=\"_wpcf7_unit_tag\" value=\"wpcf7-f187-o1\" \/>\n<input type=\"hidden\" name=\"_wpcf7_container_post\" value=\"0\" \/>\n<input type=\"hidden\" name=\"_wpcf7_posted_data_hash\" value=\"\" \/>\n<\/div>\n<div class=\"contact-form row\">\n\t<div class=\"single-form\">\n\t\t<div class=\"col-md-6\">\n\t\t\t<div class=\"form-input\">\n\t\t\t\t<p><span class=\"wpcf7-form-control-wrap\" data-name=\"username\"><input size=\"40\" class=\"wpcf7-form-control wpcf7-text wpcf7-validates-as-required\" aria-required=\"true\" aria-invalid=\"false\" placeholder=\"Twoje imi\u0119\" value=\"\" type=\"text\" name=\"username\" \/><\/span>\n\t\t\t\t<\/p>\n\t\t\t<\/div>\n\t\t<\/div>\n\t\t<div class=\"col-md-6\">\n\t\t\t<div class=\"form-input\">\n\t\t\t\t<p><span class=\"wpcf7-form-control-wrap\" data-name=\"useremail\"><input size=\"40\" class=\"wpcf7-form-control wpcf7-email wpcf7-validates-as-required wpcf7-text wpcf7-validates-as-email\" aria-required=\"true\" aria-invalid=\"false\" placeholder=\"Email\" value=\"\" type=\"email\" name=\"useremail\" \/><\/span>\n\t\t\t\t<\/p>\n\t\t\t<\/div>\n\t\t<\/div>\n\t\t<div class=\"col-md-6\">\n\t\t\t<div class=\"form-input\">\n\t\t\t\t<p><span class=\"wpcf7-form-control-wrap\" data-name=\"usernumber\"><input size=\"40\" class=\"wpcf7-form-control wpcf7-text wpcf7-validates-as-required\" aria-required=\"true\" aria-invalid=\"false\" placeholder=\"Numer telefonu\" value=\"\" type=\"text\" name=\"usernumber\" \/><\/span>\n\t\t\t\t<\/p>\n\t\t\t<\/div>\n\t\t<\/div>\n\t\t<div class=\"col-md-6\">\n\t\t\t<div class=\"form-input select-box\">\n\t\t\t\t<p><span class=\"wpcf7-form-control-wrap\" data-name=\"usercountry\"><select class=\"wpcf7-form-control wpcf7-select\" aria-invalid=\"false\" name=\"usercountry\"><option value=\"Kraj\">Kraj<\/option><option value=\"Bangladesh\">Bangladesh<\/option><option value=\"Usa\">Usa<\/option><option value=\"England\">England<\/option><option value=\"Australia\">Australia<\/option><\/select><\/span>\n\t\t\t\t<\/p>\n\t\t\t<\/div>\n\t\t<\/div>\n\t<\/div>\n\t<div class=\"col-md-12\">\n\t\t<div class=\"single-form text-area\">\n\t\t\t<p><span class=\"wpcf7-form-control-wrap\" data-name=\"message\"><textarea cols=\"40\" rows=\"4\" class=\"wpcf7-form-control wpcf7-textarea wpcf7-validates-as-required\" aria-required=\"true\" aria-invalid=\"false\" placeholder=\"Wiadomo\u015b\u0107\" name=\"message\"><\/textarea><\/span><br \/>\n<input class=\"wpcf7-form-control wpcf7-submit has-spinner form-btn\" type=\"submit\" value=\"Wy\u015blij wiadomo\u015b\u0107\" \/>\n\t\t\t<\/p>\n\t\t<\/div>\n\t<\/div>\n<\/div><div class=\"wpcf7-response-output\" aria-hidden=\"true\"><\/div>\n<\/form>\n<\/div>\n[\/vc_column_inner][vc_column_inner width=&#8221;1\/3&#8243; nt_antidote_vc_column_inner_responsive767=&#8221;.vc_custom_1490615497855{margin-bottom: 45px !important;}&#8221;][vc_custom_heading text=&#8221;<i class=``fa fa-calendar text-color-5`` style=``margin-right:5px;``><\/i> Godziny otwarcia&#8221; font_container=&#8221;tag:h4|text_align:left|line_height:15px&#8221; use_theme_fonts=&#8221;yes&#8221; css=&#8221;.vc_custom_1709888724778{margin-bottom: 24px !important;}&#8221;][vc_column_text]<\/p>\n<div class=\"working-hours sidebar-type\">\n<ul>\n<li class=\"week-item day-first\">Poniedzia\u0142ek<span class=\"right\"><span class=\"start\">07:00<\/span> \u2013 <span class=\"end\">17:00<\/span><\/span><\/li>\n<li class=\"week-item\">Wtorek<span class=\"right\"><span class=\"start\">07:00<\/span> \u2013 <span class=\"end\">17:00<\/span><\/span><\/li>\n<li class=\"week-item\">\u015aroda<span class=\"right\"><span class=\"start\">07:00<\/span> \u2013 <span class=\"end\">17:00<\/span><\/span><\/li>\n<li class=\"week-item\">Czwartek<span class=\"right\"><span class=\"start\">07:00<\/span> \u2013 <span class=\"end\">17:00<\/span><\/span><\/li>\n<li class=\"week-itemtoday\">Pi\u0105tek<span class=\"right\"><span class=\"start\">07:00<\/span> \u2013 <span class=\"end\">17:00<\/span><\/span><\/li>\n<li class=\"week-item\">Sobota<span class=\"right\"><span class=\"start\">07:00<\/span> \u2013 <span class=\"end\">17:00<\/span><\/span><\/li>\n<li class=\"week-item day-list\">Niedziela<span class=\"right\">Zamkni\u0119te<\/span><\/li>\n<\/ul>\n<\/div>\n<p>[\/vc_column_text][\/vc_column_inner][\/vc_row_inner][\/vc_column][vc_column width=&#8221;1\/4&#8243;][vc_column_text css=&#8221;.vc_custom_1709888462416{margin-bottom: 30px !important;padding-top: 25px !important;padding-right: 25px !important;padding-bottom: 25px !important;padding-left: 25px !important;background-color: #6dab3c !important;}&#8221;]<\/p>\n<div class=\"featured-box panel-widget-style\">\n<div class=\"so-widget-sow-editor so-widget-sow-editor-base\">\n<div class=\"siteorigin-widget-tinymce textwidget\">\n<p><span style=\"color: #ffffff;\"><span style=\"line-height: 1.5;\"><b>ul. Kasztanowa 15\u00a0<\/b><\/span><\/span><\/p>\n<p><span style=\"color: #ffffff;\"><span style=\"line-height: 1.5;\">05-510 Konstancin-Jeziorna<\/span><\/span><\/p>\n<hr style=\"border-top: 1px solid #68a13b; margin-top: 10px; margin-bottom: 10px;\" \/>\n<p><span style=\"color: #ffffff;\"><strong>Numer Telefonu<br \/>\n<\/strong>+48 602 10 46 46<\/span><\/p>\n<hr style=\"border-top: 1px solid #68a13b; margin-top: 10px; margin-bottom: 10px;\" \/>\n<p><span style=\"color: #ffffff;\"><strong>Adres email<br \/>\n<\/strong>olgaprasniewska@gmail.com<\/span><\/p>\n<hr style=\"border-top: 1px solid #68a13b; margin-top: 10px; margin-bottom: 10px;\" \/>\n<p>&nbsp;<\/p>\n<\/div>\n<\/div>\n<\/div>\n<p>[\/vc_column_text][vc_video][vc_widget_sidebar sidebar_id=&#8221;cs-1&#8243;][vc_message color=&#8221;warning&#8221; message_box_color=&#8221;warning&#8221; icon_fontawesome=&#8221;fas fa-exclamation-triangle&#8221; css=&#8221;.vc_custom_1709888743541{margin-top: 25px !important;margin-bottom: 30px !important;}&#8221;]Um\u00f3w wizyt\u0119:\u00a0<span style=\"color: #339966;\">here<\/span>[\/vc_message][vc_custom_heading text=&#8221;Napisz do nas&#8221; font_container=&#8221;tag:h4|font_size:15|text_align:left|color:%236dab3c|line_height:15px&#8221; use_theme_fonts=&#8221;yes&#8221;][vc_column_text css=&#8221;.vc_custom_1709888671233{margin-bottom: 10px !important;}&#8221;]Je\u015bli masz komentarz lub sugesti\u0119 do podzielenia si\u0119 z nami, czekamy na Twoj\u0105 wiadomo\u015b\u0107. Nie wahaj si\u0119 skontaktowa\u0107 poprzez wys\u0142anie e-maila na adres \u00a0<a href=\"mailto:olgaprasniewska@gmail.com\" target=\"_blank\" rel=\"noopener\">olgaprasniewska@gmail.com<\/a><\/p>\n<p>&nbsp;[\/vc_column_text][\/vc_column][\/vc_row]<\/p>\n<\/div>","protected":false},"excerpt":{"rendered":"<p>[vc_row css=&#8221;.vc_custom_1486551779993{margin-top: 90px !important;margin-bottom: 90px !important;}&#8221;][vc_column width=&#8221;3\/4&#8243;][vc_gmaps link=&#8221;#E-8_JTNDaWZyYW1lJTIwc3JjJTNEJTIyaHR0cHMlM0ElMkYlMkZ3d3cuZ29vZ2xlLmNvbSUyRm1hcHMlMkZlbWJlZCUzRnBiJTNEJTIxMW0xOCUyMTFtMTIlMjExbTMlMjExZDI0NTIuNTAyMjA1MzQwMzg4NiUyMTJkMjEuMTA5NDU2Njc2NjI0MDUlMjEzZDUyLjA3MDU4NzE3MTk0Njg3JTIxMm0zJTIxMWYwJTIxMmYwJTIxM2YwJTIxM20yJTIxMWkxMDI0JTIxMmk3NjglMjE0ZjEzLjElMjEzbTMlMjExbTIlMjExczB4NDcxOTJlYjExZTAyZWFmZCUyNTNBMHgzNzk3MjE3YzRiNWJhZTkwJTIxMnNLYXN6dGFub3dhJTI1MjAxNSUyNTJDJTI1MjAwNS01MTAlMjUyMEtvbnN0YW5jaW4tSmV6aW9ybmElMjE1ZTAlMjEzbTIlMjExc3BsJTIxMnNwbCUyMTR2MTcwOTg4ODMwODU5NyUyMTVtMiUyMTFzcGwlMjEyc3BsJTIyJTIwd2lkdGglM0QlMjI2MDAlMjIlMjBoZWlnaHQlM0QlMjI0NTAlMjIlMjBzdHlsZSUzRCUyMmJvcmRlciUzQTAlM0IlMjIlMjBhbGxvd2Z1bGxzY3JlZW4lM0QlMjIlMjIlMjBsb2FkaW5nJTNEJTIybGF6eSUyMiUyMHJlZmVycmVycG9saWN5JTNEJTIybm8tcmVmZXJyZXItd2hlbi1kb3duZ3JhZGUlMjIlM0UlM0MlMkZpZnJhbWUlM0U=&#8221; size=&#8221;390&#8243; css=&#8221;.vc_custom_1709888352511{margin-bottom: 60px !important;}&#8221;][vc_row_inner][vc_column_inner width=&#8221;2\/3&#8243;][vc_custom_heading text=&#8221; Wy\u015blij nam wiadomo\u015b\u0107&#8221; font_container=&#8221;tag:h4|text_align:left|line_height:15px&#8221; use_theme_fonts=&#8221;yes&#8221; css=&#8221;.vc_custom_1709888523886{margin-bottom: 24px !important;}&#8221;][\/vc_column_inner][vc_column_inner width=&#8221;1\/3&#8243; nt_antidote_vc_column_inner_responsive767=&#8221;.vc_custom_1490615497855{margin-bottom: 45px !important;}&#8221;][vc_custom_heading text=&#8221; Godziny otwarcia&#8221; font_container=&#8221;tag:h4|text_align:left|line_height:15px&#8221; use_theme_fonts=&#8221;yes&#8221; css=&#8221;.vc_custom_1709888724778{margin-bottom: 24px !important;}&#8221;][vc_column_text] Poniedzia\u0142ek07:00 \u2013 17:00 Wtorek07:00 \u2013 17:00 \u015aroda07:00 \u2013 17:00 Czwartek07:00 \u2013 17:00 Pi\u0105tek07:00 \u2013 17:00 Sobota07:00 \u2013 17:00 NiedzielaZamkni\u0119te [\/vc_column_text][\/vc_column_inner][\/vc_row_inner][\/vc_column][vc_column width=&#8221;1\/4&#8243;][vc_column_text css=&#8221;.vc_custom_1709888462416{margin-bottom: 30px !important;padding-top: 25px !important;padding-right: 25px !important;padding-bottom: 25px !important;padding-left: 25px !important;background-color: #6dab3c !important;}&#8221;] ul. Kasztanowa 15\u00a0 05-510 Konstancin-Jeziorna Numer Telefonu +48 602 10 46 46&#8230;<\/p>\n","protected":false},"author":1,"featured_media":0,"parent":0,"menu_order":0,"comment_status":"closed","ping_status":"closed","template":"fullwidth-page.php","meta":{"footnotes":""},"_links":{"self":[{"href":"https:\/\/www.prasniewska.com\/index.php?rest_route=\/wp\/v2\/pages\/184"}],"collection":[{"href":"https:\/\/www.prasniewska.com\/index.php?rest_route=\/wp\/v2\/pages"}],"about":[{"href":"https:\/\/www.prasniewska.com\/index.php?rest_route=\/wp\/v2\/types\/page"}],"author":[{"embeddable":true,"href":"https:\/\/www.prasniewska.com\/index.php?rest_route=\/wp\/v2\/users\/1"}],"replies":[{"embeddable":true,"href":"https:\/\/www.prasniewska.com\/index.php?rest_route=%2Fwp%2Fv2%2Fcomments&post=184"}],"version-history":[{"count":2,"href":"https:\/\/www.prasniewska.com\/index.php?rest_route=\/wp\/v2\/pages\/184\/revisions"}],"predecessor-version":[{"id":1496,"href":"https:\/\/www.prasniewska.com\/index.php?rest_route=\/wp\/v2\/pages\/184\/revisions\/1496"}],"wp:attachment":[{"href":"https:\/\/www.prasniewska.com\/index.php?rest_route=%2Fwp%2Fv2%2Fmedia&parent=184"}],"curies":[{"name":"wp","href":"https:\/\/api.w.org\/{rel}","templated":true}]}}