{"id":568,"date":"2017-02-06T11:23:21","date_gmt":"2017-02-06T11:23:21","guid":{"rendered":"http:\/\/ninetheme.com\/antidote\/?page_id=568"},"modified":"2017-02-06T11:23:21","modified_gmt":"2017-02-06T11:23:21","slug":"faq","status":"publish","type":"page","link":"https:\/\/www.prasniewska.com\/?page_id=568","title":{"rendered":"FAQ"},"content":{"rendered":"<div class=\"wpb-content-wrapper\"><p>[vc_row 0=&#8221;&#8221; css=&#8221;.vc_custom_1494838971188{padding-top: 60px !important;}&#8221;][vc_column 0=&#8221;&#8221; width=&#8221;2\/3&#8243;][vc_row_inner css=&#8221;.vc_custom_1494838952402{margin-bottom: 60px !important;}&#8221;][vc_column_inner width=&#8221;1\/3&#8243;][vc_custom_heading text=&#8221;<i class=``fa fa-question-circle text-color-5 mr-10``><\/i> What Does It Mean to Be Legally Blind?&#8221; font_container=&#8221;tag:h4|text_align:left&#8221; use_theme_fonts=&#8221;yes&#8221;][vc_column_text 0=&#8221;&#8221;]It&#8217;s natural to feel some anxiety when first going to physical therapy. What will happen? Will therapy hurt? These feelings typically quickly go away once you meet your physical therapist and get working on your rehab goals.[\/vc_column_text][\/vc_column_inner][vc_column_inner width=&#8221;1\/3&#8243;][vc_custom_heading text=&#8221;<i class=``fa fa-question-circle text-color-5 mr-10``><\/i> What Does It Mean to Be Legally Blind?&#8221; font_container=&#8221;tag:h4|text_align:left&#8221; use_theme_fonts=&#8221;yes&#8221;][vc_column_text 0=&#8221;&#8221;]It&#8217;s natural to feel some anxiety when first going to physical therapy. What will happen? Will therapy hurt? These feelings typically quickly go away once you meet your physical therapist and get working on your rehab goals.[\/vc_column_text][\/vc_column_inner][vc_column_inner width=&#8221;1\/3&#8243;][vc_custom_heading text=&#8221;<i class=``fa fa-question-circle text-color-5 mr-10``><\/i> What Does It Mean to Be Legally Blind?&#8221; font_container=&#8221;tag:h4|text_align:left&#8221; use_theme_fonts=&#8221;yes&#8221;][vc_column_text 0=&#8221;&#8221;]It&#8217;s natural to feel some anxiety when first going to physical therapy. What will happen? Will therapy hurt? These feelings typically quickly go away once you meet your physical therapist and get working on your rehab goals.[\/vc_column_text][\/vc_column_inner][\/vc_row_inner][\/vc_column][vc_column width=&#8221;1\/3&#8243;][vc_video][\/vc_column][\/vc_row][vc_row css=&#8221;.vc_custom_1486414451226{margin-bottom: 45px !important;}&#8221;][vc_column width=&#8221;1\/2&#8243;][vc_tta_accordion shape=&#8221;square&#8221; color=&#8221;purple&#8221; spacing=&#8221;5&#8243; gap=&#8221;15&#8243; c_icon=&#8221;chevron&#8221; c_position=&#8221;right&#8221; active_section=&#8221;3&#8243; collapsible_all=&#8221;true&#8221;][vc_tta_section title=&#8221;How Long Will My Rehabilitation Program Be?&#8221; tab_id=&#8221;1486414128146-9e8a56e0-56bc&#8221;][vc_column_text 0=&#8221;&#8221;]How long will physical therapy take is a common question asked by many patients. Although the question itself is a simple one, the answer is much more difficult. Remember, each and every person is different, and many factors may play into determining your overall prognosis and length of physical therapy. So how long does it take?[\/vc_column_text][\/vc_tta_section][vc_tta_section title=&#8221;How Preparing for Physical Therapy ?&#8221; tab_id=&#8221;1486381104725-fc0b3d3c-8837&#8243;][vc_column_text 0=&#8221;&#8221;]How long will physical therapy take is a common question asked by many patients. Although the question itself is a simple one, the answer is much more difficult. Remember, each and every person is different, and many factors may play into determining your overall prognosis and length of physical therapy. So how long does it take?[\/vc_column_text][\/vc_tta_section][vc_tta_section title=&#8221;How Long Will My Rehabilitation Program Be?&#8221; tab_id=&#8221;1486380875213-d30925cd-c129&#8243;][vc_column_text 0=&#8221;&#8221;]How long will physical therapy take is a common question asked by many patients. Although the question itself is a simple one, the answer is much more difficult. Remember, each and every person is different, and many factors may play into determining your overall prognosis and length of physical therapy. So how long does it take?[\/vc_column_text][\/vc_tta_section][vc_tta_section title=&#8221;What Happens During Physical Therapy Treatments?&#8221; tab_id=&#8221;1486380875213-394d500b-4acb&#8221;][vc_column_text 0=&#8221;&#8221;]<\/p>\n<p class=\"cb-split\">Physical agents such as heat, ice, ultrasound, or electrical stimulation may be used. Manual techniques are often used to help improve mobility.<\/p>\n<p>Therapeutic exercise is often used by physical therapists to help people gain range of motion, increase strength, and improve function. Patient education about a condition or illness is paramount to the practice of physical therapy, and therapists may use charts, models, and diagrams to help you understand your diagnosis and prognosis.<\/p>\n<p>You may also be given modifications to make or exercises to do at home.[\/vc_column_text][\/vc_tta_section][\/vc_tta_accordion][\/vc_column][vc_column width=&#8221;1\/2&#8243;][vc_custom_heading text=&#8221;You Can Ask a Question Now!&#8221; font_container=&#8221;tag:h3|text_align:left&#8221; use_theme_fonts=&#8221;yes&#8221; css=&#8221;.vc_custom_1494838876030{margin-bottom: 20px !important;}&#8221;]\n<div class=\"wpcf7 no-js\" id=\"wpcf7-f187-o1\" lang=\"en\" dir=\"ltr\">\n<div class=\"screen-reader-response\"><p role=\"status\" aria-live=\"polite\" aria-atomic=\"true\"><\/p> <ul><\/ul><\/div>\n<form action=\"\/index.php?rest_route=%2Fwp%2Fv2%2Fpages%2F568#wpcf7-f187-o1\" method=\"post\" class=\"wpcf7-form init\" aria-label=\"Formularz kontaktowy\" novalidate=\"novalidate\" data-status=\"init\">\n<div style=\"display: none;\">\n<input type=\"hidden\" name=\"_wpcf7\" value=\"187\" \/>\n<input type=\"hidden\" name=\"_wpcf7_version\" value=\"5.8.6\" \/>\n<input type=\"hidden\" name=\"_wpcf7_locale\" value=\"en\" \/>\n<input type=\"hidden\" name=\"_wpcf7_unit_tag\" value=\"wpcf7-f187-o1\" \/>\n<input type=\"hidden\" name=\"_wpcf7_container_post\" value=\"0\" \/>\n<input type=\"hidden\" name=\"_wpcf7_posted_data_hash\" value=\"\" \/>\n<\/div>\n<div class=\"contact-form row\">\n\t<div class=\"single-form\">\n\t\t<div class=\"col-md-6\">\n\t\t\t<div class=\"form-input\">\n\t\t\t\t<p><span class=\"wpcf7-form-control-wrap\" data-name=\"username\"><input size=\"40\" class=\"wpcf7-form-control wpcf7-text wpcf7-validates-as-required\" aria-required=\"true\" aria-invalid=\"false\" placeholder=\"Twoje imi\u0119\" value=\"\" type=\"text\" name=\"username\" \/><\/span>\n\t\t\t\t<\/p>\n\t\t\t<\/div>\n\t\t<\/div>\n\t\t<div class=\"col-md-6\">\n\t\t\t<div class=\"form-input\">\n\t\t\t\t<p><span class=\"wpcf7-form-control-wrap\" data-name=\"useremail\"><input size=\"40\" class=\"wpcf7-form-control wpcf7-email wpcf7-validates-as-required wpcf7-text wpcf7-validates-as-email\" aria-required=\"true\" aria-invalid=\"false\" placeholder=\"Email\" value=\"\" type=\"email\" name=\"useremail\" \/><\/span>\n\t\t\t\t<\/p>\n\t\t\t<\/div>\n\t\t<\/div>\n\t\t<div class=\"col-md-6\">\n\t\t\t<div class=\"form-input\">\n\t\t\t\t<p><span class=\"wpcf7-form-control-wrap\" data-name=\"usernumber\"><input size=\"40\" class=\"wpcf7-form-control wpcf7-text wpcf7-validates-as-required\" aria-required=\"true\" aria-invalid=\"false\" placeholder=\"Numer telefonu\" value=\"\" type=\"text\" name=\"usernumber\" \/><\/span>\n\t\t\t\t<\/p>\n\t\t\t<\/div>\n\t\t<\/div>\n\t\t<div class=\"col-md-6\">\n\t\t\t<div class=\"form-input select-box\">\n\t\t\t\t<p><span class=\"wpcf7-form-control-wrap\" data-name=\"usercountry\"><select class=\"wpcf7-form-control wpcf7-select\" aria-invalid=\"false\" name=\"usercountry\"><option value=\"Kraj\">Kraj<\/option><option value=\"Bangladesh\">Bangladesh<\/option><option value=\"Usa\">Usa<\/option><option value=\"England\">England<\/option><option value=\"Australia\">Australia<\/option><\/select><\/span>\n\t\t\t\t<\/p>\n\t\t\t<\/div>\n\t\t<\/div>\n\t<\/div>\n\t<div class=\"col-md-12\">\n\t\t<div class=\"single-form text-area\">\n\t\t\t<p><span class=\"wpcf7-form-control-wrap\" data-name=\"message\"><textarea cols=\"40\" rows=\"4\" class=\"wpcf7-form-control wpcf7-textarea wpcf7-validates-as-required\" aria-required=\"true\" aria-invalid=\"false\" placeholder=\"Wiadomo\u015b\u0107\" name=\"message\"><\/textarea><\/span><br \/>\n<input class=\"wpcf7-form-control wpcf7-submit has-spinner form-btn\" type=\"submit\" value=\"Wy\u015blij wiadomo\u015b\u0107\" \/>\n\t\t\t<\/p>\n\t\t<\/div>\n\t<\/div>\n<\/div><div class=\"wpcf7-response-output\" aria-hidden=\"true\"><\/div>\n<\/form>\n<\/div>\n[\/vc_column][\/vc_row]<\/p>\n<\/div>","protected":false},"excerpt":{"rendered":"<p>[vc_row 0=&#8221;&#8221; css=&#8221;.vc_custom_1494838971188{padding-top: 60px !important;}&#8221;][vc_column 0=&#8221;&#8221; width=&#8221;2\/3&#8243;][vc_row_inner css=&#8221;.vc_custom_1494838952402{margin-bottom: 60px !important;}&#8221;][vc_column_inner width=&#8221;1\/3&#8243;][vc_custom_heading text=&#8221; What Does It Mean to Be Legally Blind?&#8221; font_container=&#8221;tag:h4|text_align:left&#8221; use_theme_fonts=&#8221;yes&#8221;][vc_column_text 0=&#8221;&#8221;]It&#8217;s natural to feel some anxiety when first going to physical therapy. What will happen? Will therapy hurt? These feelings typically quickly go away once you meet your physical therapist and get working on your rehab goals.[\/vc_column_text][\/vc_column_inner][vc_column_inner width=&#8221;1\/3&#8243;][vc_custom_heading text=&#8221; What Does It Mean to Be Legally Blind?&#8221; font_container=&#8221;tag:h4|text_align:left&#8221; use_theme_fonts=&#8221;yes&#8221;][vc_column_text 0=&#8221;&#8221;]It&#8217;s natural to feel some anxiety when first going&#8230;<\/p>\n","protected":false},"author":1,"featured_media":0,"parent":0,"menu_order":0,"comment_status":"closed","ping_status":"closed","template":"fullwidth-page.php","meta":{"footnotes":""},"_links":{"self":[{"href":"https:\/\/www.prasniewska.com\/index.php?rest_route=\/wp\/v2\/pages\/568"}],"collection":[{"href":"https:\/\/www.prasniewska.com\/index.php?rest_route=\/wp\/v2\/pages"}],"about":[{"href":"https:\/\/www.prasniewska.com\/index.php?rest_route=\/wp\/v2\/types\/page"}],"author":[{"embeddable":true,"href":"https:\/\/www.prasniewska.com\/index.php?rest_route=\/wp\/v2\/users\/1"}],"replies":[{"embeddable":true,"href":"https:\/\/www.prasniewska.com\/index.php?rest_route=%2Fwp%2Fv2%2Fcomments&post=568"}],"version-history":[{"count":0,"href":"https:\/\/www.prasniewska.com\/index.php?rest_route=\/wp\/v2\/pages\/568\/revisions"}],"wp:attachment":[{"href":"https:\/\/www.prasniewska.com\/index.php?rest_route=%2Fwp%2Fv2%2Fmedia&parent=568"}],"curies":[{"name":"wp","href":"https:\/\/api.w.org\/{rel}","templated":true}]}}