{"id":610,"date":"2017-02-06T21:28:38","date_gmt":"2017-02-06T21:28:38","guid":{"rendered":"http:\/\/ninetheme.com\/antidote\/?page_id=610"},"modified":"2024-01-23T11:12:56","modified_gmt":"2024-01-23T11:12:56","slug":"about-coach","status":"publish","type":"page","link":"https:\/\/www.prasniewska.com\/?page_id=610","title":{"rendered":"About Coach"},"content":{"rendered":"<div class=\"wpb-content-wrapper\"><p>[vc_row css=&#8221;.vc_custom_1486417232893{margin-top: 90px !important;margin-bottom: 90px !important;}&#8221;][vc_column width=&#8221;1\/3&#8243; nt_antidote_vc_column_responsive767=&#8221;.vc_custom_1490611088169{margin-bottom: 50px !important;}&#8221; nt_super_coach_vc_column_responsive767=&#8221;.vc_custom_1495186876635{margin-bottom: 30px !important;}&#8221;][vc_images_carousel images=&#8221;1078,899&#8243; img_size=&#8221;400&#215;580&#8243;][\/vc_column][vc_column width=&#8221;2\/3&#8243; nt_super_coach_vc_column_responsive767=&#8221;.vc_custom_1495187033624{margin-bottom: 30px !important;}&#8221; nt_super_coach_vc_column_responsive=&#8221;.vc_custom_1495187033621{margin-bottom: 30px !important;}&#8221;][vc_row_inner][vc_column_inner width=&#8221;2\/3&#8243; css=&#8221;.vc_custom_1495187059704{margin-right: 30px !important;padding-right: 30px !important;}&#8221; nt_antidote_vc_column_inner_responsive767=&#8221;.vc_custom_1490611528015{margin-bottom: 45px !important;}&#8221; nt_super_coach_vc_column_inner_responsive=&#8221;.vc_custom_1495187059705{margin-bottom: 30px !important;}&#8221; nt_super_coach_vc_column_inner_responsive767=&#8221;.vc_custom_1495187059706{margin-bottom: 30px !important;}&#8221;][vc_custom_heading text=&#8221;Trainings &#038; Workshops&#8221; font_container=&#8221;tag:h4|text_align:left|color:%23ad8cc1&#8243; use_theme_fonts=&#8221;yes&#8221;][vc_column_text css=&#8221;.vc_custom_1706008352757{margin-bottom: 30px !important;padding-right: 20px !important;}&#8221;]Jako coach, jestem osob\u0105 o ogromnym do\u015bwiadczeniu i pe\u0142nym zaanga\u017cowaniem w pomoc moim klientom. Moja praca jest oparta na indywidualnym podej\u015bciu do ka\u017cdej osoby, kt\u00f3rej pomagam, dzi\u0119ki czemu mog\u0119 dostosowa\u0107 moje metody i techniki do ich unikalnych potrzeb i cel\u00f3w.<\/p>\n<p>Jestem przekonana, \u017ce ka\u017cdy klient ma potencja\u0142 do rozwoju i osi\u0105gni\u0119cia swoich cel\u00f3w, i moim celem jest pom\u00f3c im odkry\u0107 i wykorzysta\u0107 ten potencja\u0142. Dzi\u0119ki mojemu bogatemu do\u015bwiadczeniu w dziedzinie coaching, mam zdolno\u015b\u0107 zrozumienia r\u00f3\u017cnych sytuacji i wyzwa\u0144, przed jakimi staj\u0105 moje klienty, oraz pom\u00f3c im znale\u017a\u0107 rozwi\u0105zania i strategie, kt\u00f3re doprowadz\u0105 ich do sukcesu.<\/p>\n<p>Jestem empatyczn\u0105 s\u0142uchaczk\u0105 i potrafi\u0119 stworzy\u0107 bezpieczne i wspieraj\u0105ce \u015brodowisko, w kt\u00f3rym moi klienci mog\u0105 otwarcie dzieli\u0107 si\u0119 swoimi my\u015blami, obawami i celami. Pracuj\u0119 z nimi, aby pom\u00f3c im okre\u015bli\u0107 klarowne cele i wypracowa\u0107 plan dzia\u0142ania, kt\u00f3ry b\u0119dzie prowadzi\u0142 do ich osi\u0105gni\u0119cia. Moje sesje coachingowe s\u0105 interaktywne, pe\u0142ne inspiracji i motywacji, a jednocze\u015bnie oparte na konkretnej pracy nad rozwojem osobistym i zawodowym.<\/p>\n<p>Jestem dumna z mojej zdolno\u015bci do pomagania innym w osi\u0105gni\u0119ciu sukcesu i spe\u0142nieniu ich marze\u0144 i cel\u00f3w. Dzi\u0119ki mojemu do\u015bwiadczeniu i dedykacji, jestem coachem, kt\u00f3ry mo\u017ce naprawd\u0119 zmieni\u0107 \u017cycie moich klient\u00f3w i prowadzi\u0107 ich na drodze do sukcesu i samorozwoju.[\/vc_column_text][vc_custom_heading text=&#8221;Credentials&#8221; font_container=&#8221;tag:h4|text_align:left|color:%23ad8cc1&#8243; use_theme_fonts=&#8221;yes&#8221;][vc_column_text css=&#8221;.vc_custom_1495187149922{margin-bottom: 30px !important;}&#8221;]<strong><i class=\"fa fa-check text-color-5\"><\/i> \u00a0<\/strong>M.A. Integral Counseling Psychology from The California<br \/>\n<strong><i class=\"fa fa-check text-color-5\"><\/i> \u00a0<\/strong>Institute of Integral Studies (San Francisco, CA)<br \/>\n<strong><i class=\"fa fa-check text-color-5\"><\/i> \u00a0<\/strong>Graduate Diploma in Physical\u00a0Therapy<br \/>\n<strong><i class=\"fa fa-check text-color-5\"><\/i> \u00a0<\/strong>C.M.T Certified Massage Therapist (San Francisco, CA)<br \/>\n<strong><i class=\"fa fa-check text-color-5\"><\/i> \u00a0<\/strong>B.A. Psychology from Pitzer College (Claremont, CA)[\/vc_column_text][\/vc_column_inner][vc_column_inner width=&#8221;1\/3&#8243; css=&#8221;.vc_custom_1494875929008{margin-right: 15px !important;margin-left: -15px !important;padding-top: 30px !important;padding-right: 30px !important;padding-bottom: 30px !important;padding-left: 30px !important;background-color: #61bbb2 !important;}&#8221; nt_antidote_vc_column_inner_responsive767=&#8221;.vc_custom_1490611510270{margin-top: 45px !important;}&#8221;][vc_column_text]<span style=\"color: #ffffff;\"><strong style=\"margin-bottom: 5px; display: -webkit-box;\">Clinic Address<br \/>\n<\/strong><span style=\"line-height: 1.5;\">1600 Amphitheatre Parkway<br \/>\n<\/span><span style=\"line-height: 1.5;\">Mountain View CA 94043<br \/>\n<\/span><span style=\"line-height: 1.5;\">United States<\/span><\/span>[\/vc_column_text][vc_separator color=&#8221;custom&#8221; style=&#8221;dashed&#8221; css=&#8221;.vc_custom_1494876003175{margin-top: 15px !important;margin-bottom: 15px !important;}&#8221; accent_color=&#8221;#ffffff&#8221;][vc_column_text css=&#8221;.vc_custom_1486385736740{margin-top: 20px !important;}&#8221;]<span style=\"color: #ffffff;\"><strong style=\"margin-bottom: 5px; display: -webkit-box;\"><strong>Phone Number<\/strong><\/strong><span style=\"line-height: 1.5;\">+ (553) 143 &#8211; 555 &#8211; 423<\/span>[\/vc_column_text][vc_separator color=&#8221;custom&#8221; style=&#8221;dashed&#8221; css=&#8221;.vc_custom_1494875992688{margin-top: 15px !important;margin-bottom: 15px !important;}&#8221; accent_color=&#8221;#ffffff&#8221;][vc_column_text css=&#8221;.vc_custom_1486419593140{margin-top: 20px !important;}&#8221;]<span style=\"color: #ffffff;\"><strong style=\"margin-bottom: 5px; display: -webkit-box;\">Personal E-mail<br \/>\n<\/strong><span style=\"line-height: 1.5;\">therapist@hello.com<br \/>\n<\/span><\/span>[\/vc_column_text][vc_column_text css=&#8221;.vc_custom_1486419573396{margin-top: 20px !important;}&#8221;]<span style=\"color: #ffffff;\"><strong style=\"margin-bottom: 5px; display: -webkit-box;\">Skills<\/strong><\/span><\/span><\/p>\n<ol class=\"list-items\">\n<li style=\"text-align: left; color: #ffffff;\"><span style=\"color: #ffffff;\">News Writer<\/span><\/li>\n<li style=\"text-align: left; color: #ffffff;\"><span style=\"color: #ffffff;\">Perfect Helper<\/span><\/li>\n<li style=\"text-align: left; color: #ffffff;\"><span style=\"color: #ffffff;\">Success Stories<\/span><\/li>\n<li style=\"text-align: left; color: #ffffff;\"><span style=\"color: #ffffff;\">Good Cook<\/span><\/li>\n<li style=\"text-align: left; color: #ffffff;\"><span style=\"color: #ffffff;\">Medicare<\/span><\/li>\n<li style=\"text-align: left; color: #ffffff;\"><span style=\"color: #ffffff;\">ComPsych<\/span><\/li>\n<\/ol>\n<p>[\/vc_column_text][\/vc_column_inner][\/vc_row_inner][\/vc_column][\/vc_row][vc_row][vc_column][vc_custom_heading text=&#8221;You may <strong>also look&#8230;<\/strong>&#8221; font_container=&#8221;tag:h3|text_align:left&#8221; google_fonts=&#8221;font_family:Waiting%20for%20the%20Sunrise%3Aregular|font_style:400%20regular%3A400%3Anormal&#8221;][vc_column_text][\/vc_column_text][\/vc_column][\/vc_row][vc_row el_id=&#8221;our-team&#8221;][vc_column][vc_row_inner css=&#8221;.vc_custom_1486037946642{margin-bottom: 60px !important;}&#8221;][vc_column_inner width=&#8221;1\/4&#8243;][vc_single_image image=&#8221;1110&#8243; img_size=&#8221;300&#215;300&#8243; css=&#8221;.vc_custom_1494537331340{margin-bottom: 35px !important;}&#8221;][vc_custom_heading text=&#8221;Jay Rigsbee&#8221; font_container=&#8221;tag:h4|text_align:left&#8221; use_theme_fonts=&#8221;yes&#8221; css=&#8221;.vc_custom_1487085147748{margin-top: -10px !important;}&#8221;][vc_custom_heading text=&#8221;Relationship Coach&#8221; font_container=&#8221;tag:h6|text_align:left|color:%2361bbb2&#8243; use_theme_fonts=&#8221;yes&#8221; css=&#8221;.vc_custom_1494876176458{margin-top: -10px !important;}&#8221;][vc_column_text css=&#8221;.vc_custom_1487085245493{margin-bottom: 25px !important;}&#8221;]Jay\u00a0opened Principal Physical Therapy in 2006 with the intention of creating a practice that would combine the best of traditional physical therapy with the principles and techniques\u2026[\/vc_column_text][vc_btn title=&#8221;Read more&#8221; style=&#8221;flat&#8221; shape=&#8221;square&#8221; color=&#8221;default&#8221; size=&#8221;sm&#8221; align=&#8221;left&#8221; i_align=&#8221;right&#8221; i_icon_fontawesome=&#8221;fa fa-angle-right&#8221; css_animation=&#8221;none&#8221; add_icon=&#8221;true&#8221;][\/vc_column_inner][vc_column_inner width=&#8221;1\/4&#8243;][vc_single_image image=&#8221;1109&#8243; img_size=&#8221;300&#215;300&#8243; css=&#8221;.vc_custom_1494537339681{margin-bottom: 35px !important;}&#8221;][vc_custom_heading text=&#8221;Berxedan Mizuta&#8221; font_container=&#8221;tag:h4|text_align:left&#8221; use_theme_fonts=&#8221;yes&#8221; css=&#8221;.vc_custom_1487085187189{margin-top: -10px !important;}&#8221;][vc_custom_heading text=&#8221;Job Coach&#8221; font_container=&#8221;tag:h6|text_align:left|color:%2361bbb2&#8243; use_theme_fonts=&#8221;yes&#8221; css=&#8221;.vc_custom_1494876208482{margin-top: -10px !important;}&#8221;][vc_column_text css=&#8221;.vc_custom_1487085277940{margin-bottom: 25px !important;}&#8221;]Berxedan Muzita\u00a0can also help you prevent injury or loss of functional mobility. Your PT can analyze your movements before you are injured and offer strategies to help keep you\u2026[\/vc_column_text][vc_btn title=&#8221;Read more&#8221; style=&#8221;flat&#8221; shape=&#8221;square&#8221; color=&#8221;default&#8221; size=&#8221;sm&#8221; align=&#8221;left&#8221; i_align=&#8221;right&#8221; i_icon_fontawesome=&#8221;fa fa-angle-right&#8221; css_animation=&#8221;none&#8221; add_icon=&#8221;true&#8221;][\/vc_column_inner][vc_column_inner width=&#8221;1\/4&#8243;][vc_single_image image=&#8221;1108&#8243; img_size=&#8221;300&#215;300&#8243; css=&#8221;.vc_custom_1494537350107{margin-bottom: 35px !important;}&#8221;][vc_custom_heading text=&#8221;Melissa Dreger&#8221; font_container=&#8221;tag:h4|text_align:left&#8221; use_theme_fonts=&#8221;yes&#8221; css=&#8221;.vc_custom_1487085200221{margin-top: -10px !important;}&#8221;][vc_custom_heading text=&#8221;Life Coach&#8221; font_container=&#8221;tag:h6|text_align:left|color:%2361bbb2&#8243; use_theme_fonts=&#8221;yes&#8221; css=&#8221;.vc_custom_1494876198482{margin-top: -10px !important;}&#8221;][vc_column_text css=&#8221;.vc_custom_1487085316588{margin-bottom: 25px !important;}&#8221;]Melissa\u00a0opened Principal Physical Therapy in 2006 with the intention of creating a practice that would combine the best of traditional physical therapy with the principles and techniques\u2026[\/vc_column_text][vc_btn title=&#8221;Read more&#8221; style=&#8221;flat&#8221; shape=&#8221;square&#8221; color=&#8221;default&#8221; size=&#8221;sm&#8221; align=&#8221;left&#8221; i_align=&#8221;right&#8221; i_icon_fontawesome=&#8221;fa fa-angle-right&#8221; css_animation=&#8221;none&#8221; add_icon=&#8221;true&#8221;][\/vc_column_inner][vc_column_inner width=&#8221;1\/4&#8243;][vc_single_image image=&#8221;901&#8243; img_size=&#8221;300&#215;300&#8243; css=&#8221;.vc_custom_1494537366850{margin-bottom: 35px !important;}&#8221;][vc_custom_heading text=&#8221;Hillary Stone&#8221; font_container=&#8221;tag:h4|text_align:left&#8221; use_theme_fonts=&#8221;yes&#8221; css=&#8221;.vc_custom_1487085222812{margin-top: -10px !important;}&#8221;][vc_custom_heading text=&#8221;Fitness Coach&#8221; font_container=&#8221;tag:h6|text_align:left|color:%2361bbb2&#8243; use_theme_fonts=&#8221;yes&#8221; css=&#8221;.vc_custom_1494876190082{margin-top: -10px !important;}&#8221;][vc_column_text css=&#8221;.vc_custom_1487085298901{margin-bottom: 25px !important;}&#8221;]Hillary Stone\u00a0can also help you prevent injury or loss of functional mobility. Your PT can analyze your movements before you are injured and offer strategies to help keep you\u2026[\/vc_column_text][vc_btn title=&#8221;Read more&#8221; style=&#8221;flat&#8221; shape=&#8221;square&#8221; color=&#8221;default&#8221; size=&#8221;sm&#8221; align=&#8221;left&#8221; i_align=&#8221;right&#8221; i_icon_fontawesome=&#8221;fa fa-angle-right&#8221; css_animation=&#8221;none&#8221; add_icon=&#8221;true&#8221;][\/vc_column_inner][\/vc_row_inner][\/vc_column][\/vc_row]<\/p>\n<\/div>","protected":false},"excerpt":{"rendered":"<p>[vc_row css=&#8221;.vc_custom_1486417232893{margin-top: 90px !important;margin-bottom: 90px !important;}&#8221;][vc_column width=&#8221;1\/3&#8243; nt_antidote_vc_column_responsive767=&#8221;.vc_custom_1490611088169{margin-bottom: 50px !important;}&#8221; nt_super_coach_vc_column_responsive767=&#8221;.vc_custom_1495186876635{margin-bottom: 30px !important;}&#8221;][vc_images_carousel images=&#8221;1078,899&#8243; img_size=&#8221;400&#215;580&#8243;][\/vc_column][vc_column width=&#8221;2\/3&#8243; nt_super_coach_vc_column_responsive767=&#8221;.vc_custom_1495187033624{margin-bottom: 30px !important;}&#8221; nt_super_coach_vc_column_responsive=&#8221;.vc_custom_1495187033621{margin-bottom: 30px !important;}&#8221;][vc_row_inner][vc_column_inner width=&#8221;2\/3&#8243; css=&#8221;.vc_custom_1495187059704{margin-right: 30px !important;padding-right: 30px !important;}&#8221; nt_antidote_vc_column_inner_responsive767=&#8221;.vc_custom_1490611528015{margin-bottom: 45px !important;}&#8221; nt_super_coach_vc_column_inner_responsive=&#8221;.vc_custom_1495187059705{margin-bottom: 30px !important;}&#8221; nt_super_coach_vc_column_inner_responsive767=&#8221;.vc_custom_1495187059706{margin-bottom: 30px !important;}&#8221;][vc_custom_heading text=&#8221;Trainings &#038; Workshops&#8221; font_container=&#8221;tag:h4|text_align:left|color:%23ad8cc1&#8243; use_theme_fonts=&#8221;yes&#8221;][vc_column_text css=&#8221;.vc_custom_1706008352757{margin-bottom: 30px !important;padding-right: 20px !important;}&#8221;]Jako coach, jestem osob\u0105 o ogromnym do\u015bwiadczeniu i pe\u0142nym zaanga\u017cowaniem w pomoc moim klientom. Moja praca jest oparta na indywidualnym podej\u015bciu do ka\u017cdej osoby, kt\u00f3rej pomagam, dzi\u0119ki czemu mog\u0119 dostosowa\u0107 moje metody i techniki&#8230;<\/p>\n","protected":false},"author":1,"featured_media":0,"parent":0,"menu_order":0,"comment_status":"closed","ping_status":"closed","template":"fullwidth-page.php","meta":{"footnotes":""},"_links":{"self":[{"href":"https:\/\/www.prasniewska.com\/index.php?rest_route=\/wp\/v2\/pages\/610"}],"collection":[{"href":"https:\/\/www.prasniewska.com\/index.php?rest_route=\/wp\/v2\/pages"}],"about":[{"href":"https:\/\/www.prasniewska.com\/index.php?rest_route=\/wp\/v2\/types\/page"}],"author":[{"embeddable":true,"href":"https:\/\/www.prasniewska.com\/index.php?rest_route=\/wp\/v2\/users\/1"}],"replies":[{"embeddable":true,"href":"https:\/\/www.prasniewska.com\/index.php?rest_route=%2Fwp%2Fv2%2Fcomments&post=610"}],"version-history":[{"count":1,"href":"https:\/\/www.prasniewska.com\/index.php?rest_route=\/wp\/v2\/pages\/610\/revisions"}],"predecessor-version":[{"id":1473,"href":"https:\/\/www.prasniewska.com\/index.php?rest_route=\/wp\/v2\/pages\/610\/revisions\/1473"}],"wp:attachment":[{"href":"https:\/\/www.prasniewska.com\/index.php?rest_route=%2Fwp%2Fv2%2Fmedia&parent=610"}],"curies":[{"name":"wp","href":"https:\/\/api.w.org\/{rel}","templated":true}]}}